3. Suppose -2*s + 117 = 5*p, s + b*p + 276 = 6*s. List the prime factors of s.
2, 7
Suppose -2103 = -10*l + 3697. List the prime factors of l.
2, 5, 29
Let m(w) = -2*w - 12. Let j be m(-8). Suppose 6*a - 2*a = -z + 12, j*a = 2*z. Suppose 7 = 3*f + 2*c, -a = c + 2. List the prime factors of f.
5
Let p = -11 + 27. Let g(n) = n**2 - 13*n + 11. What are the prime factors of g(p)?
59
Let l(s) = -2 + 4 + 38*s + s**2 - 31*s + 5. Suppose -35 = -0*i + 5*i. What are the prime factors of l(i)?
7
Let u(q) = -q**2 + 14*q + 7. Let v be u(14). Let d(t) = 5*t + 3. Let f be d(v). Let m = 3 + f. List the prime factors of m.
41
Let m = 7 - 2. Let f(y) = -y**2 + 3*y + 6. Let q be f(m). List the prime factors of 10 + q/(7 - 3).
3
Suppose -6*t + 651 = -7215. What are the prime factors of t?
3, 19, 23
Suppose v - 2*c - 34 = 30, 3*v - 202 = 4*c. Suppose -2*z = -v - 52. List the prime factors of z.
3, 7
Suppose n - 43 = 233. Suppose 3*y - n = -y. List the prime factors of (-2 - (-21)/9)*y.
23
Let f(m) = 162*m - 90. List the prime factors of f(5).
2, 3, 5
Let h(d) be the first derivative of 2 + 1/3*d**3 - d**2 + 2*d. What are the prime factors of h(4)?
2, 5
Let l(y) = 20*y + 517. What are the prime factors of l(59)?
1697
Suppose -3*s = -9, 2*s + 4 = r + 8. Let g be 5/r*36/30. Let c(f) = -f**3 + 7*f**2 - 4*f + 3. List the prime factors of c(g).
3
Suppose 9*b - 5*r = 5*b + 13541, b + 4*r = 3401. List the prime factors of b.
3389
Let s(c) be the second derivative of -3*c**3 - 35*c**2/2 + 16*c + 2. What are the prime factors of s(-8)?
109
Let k be (-266)/(-63) + (-4)/18. Let a be (-3 + 4)*k + 2. Suppose 4*w - 62 + a = 0. List the prime factors of w.
2, 7
Let t(j) = 5*j**3 - 2*j**2 - 9*j - 8. Let c(m) = -m**3 - m - 1. Let o(f) = 6*c(f) - t(f). List the prime factors of o(-1).
2, 3
Suppose -5*z - 146 = -2*c, c + 4*z = 5 + 68. Suppose -6*m + c = -53. What are the prime factors of m?
3, 7
Suppose 0 = 3*f - 2*j - 2387 + 277, -4*j + 16 = 0. List the prime factors of f.
2, 353
Let p = 90 + -48. Let b be 84/(-49)*p/2. What are the prime factors of (-2154)/b + (-1)/(-6)?
2, 3, 5
Suppose -g - 8 = -4*s - 0, -s + 2*g = -2. Suppose -s*y - 4*v + 141 = -y, 5*y - 636 = 3*v. List the prime factors of y.
3, 43
Let j = 72 + 712. List the prime factors of j.
2, 7
Let h be (-12)/(-16) - (-3)/(-4). Suppose -4*y + 112 + 96 = h. List the prime factors of y.
2, 13
Let r = 1409 - 851. What are the prime factors of r?
2, 3, 31
Suppose -3*w + 6*w + 187 = -2*g, 5*w = -2*g - 309. Let h be (-2 - -7)/(11/(-88)). Let q = h - w. List the prime factors of q.
3, 7
Suppose 2*z = -34*z + 18648. What are the prime factors of z?
2, 7, 37
Suppose -u - 30 = 2*s + 2*u, 0 = 4*s - u + 60. Let c be ((-4)/14)/(s/105). Suppose -p + 0*p + 38 = 3*x, c*x - 164 = -5*p. List the prime factors of p.
2
Let a(m) be the first derivative of -m**3/3 - 8*m**2 + 5*m - 5. Let y be a(-16). Suppose -6 = -y*i + 34. List the prime factors of i.
2
Let s = 2740 - -545. What are the prime factors of s?
3, 5, 73
Suppose 19*u + 202 = 2*k + 21*u, -k + 4*u + 81 = 0. What are the prime factors of k?
97
Suppose -224567 + 25367 = -40*z. List the prime factors of z.
2, 3, 5, 83
Let i be (-1)/(4/68*-1). Suppose -i = 4*o - 5*p + 24, -2*o + 2*p - 18 = 0. Let f(c) = c**3 + 5*c**2 - 2*c - 4. List the prime factors of f(o).
2, 5
Let f = -97 - -79. List the prime factors of (3/f*2)/((-8)/4128).
2, 43
Suppose s = 4*s - 63. Suppose -3*g + 2*o = -50, 0 = 3*g - 4*o - 31 - s. What are the prime factors of g?
2
Suppose -46884 = -52*v + 9848. What are the prime factors of v?
1091
Suppose -3*k = 2*m - 5*k - 10, 4*m + k = 5. Suppose -7 = 2*q - 5*o - 5, 4*q = 5*o + 16. What are the prime factors of (-5)/(m - 21/q)?
3, 5
Suppose -3*o + 4*s + 15 = -1, 4*o = -5*s - 20. Suppose o = 3*h + 2*a - 154 - 98, 0 = -4*h + 5*a + 336. List the prime factors of h.
2, 3, 7
What are the prime factors of (-1476990)/(-390) - 2/13?
7, 541
List the prime factors of (2/3)/(61/68625).
2, 3, 5
Suppose -9*m + 3*w = -13*m + 11372, -5*w = 0. List the prime factors of m.
2843
Let u = -218 + 308. Let g be (18/(-15))/((-4)/u). Suppose 3*t - 6*t = -g. What are the prime factors of t?
3
Suppose -2*c + 5*i - 10*i = -75, 5*c - 203 = 3*i. What are the prime factors of c?
2, 5
Let z(y) = 24*y**2 + 12*y + 20. What are the prime factors of z(-7)?
2, 139
Suppose 7 = -5*z + 22. Suppose z*y - 16 = y. Suppose 0 + y = n. What are the prime factors of n?
2
Let k(i) be the second derivative of -i**4/12 + i**3/3 + 56*i**2 + 14*i. What are the prime factors of k(0)?
2, 7
Let v(l) = l + 9. Let p be v(-9). Suppose 15 = -16*q + 21*q. Suppose 5*i - 2 = 4*s, p = -2*s + q*s - 2*i + 2. List the prime factors of s.
2
Let l(v) = v**3 - 2*v**2 + 2. Let g be l(2). Suppose 10*r = g*q + 5*r - 510, -q = 5*r - 255. Suppose 4*c - q = -c. List the prime factors of c.
3, 17
Suppose 3*l - 2 = 3*q + 7, 0 = -q + 2*l - 6. Suppose s = -q*s - 8. Let n = s - -40. What are the prime factors of n?
2
Let f(q) = -33*q - 1. Let w be f(2). Let s = 111 + w. What are the prime factors of s?
2, 11
Let n(d) = d**3 + 5*d**2 + 3*d - 4. Let o be n(-3). Let y = o + -7. What are the prime factors of (6 - 5)/(y/(-38))?
19
Let g = 1094 + 1025. List the prime factors of g.
13, 163
Suppose -7*v + 12 = -9*v. What are the prime factors of (-153)/v*20/15?
2, 17
Let l(z) = 3*z - 5. Let u(t) = -t + 15. Let f be u(8). Let i be l(f). Suppose 2*a + 2*a = i. List the prime factors of a.
2
Suppose 3*y = -d + 172, -y - 4*y = 3*d - 288. Suppose -5*x - k + 602 = 0, y + 73 = x - 3*k. List the prime factors of x.
11
Let i(p) = -p**2 + 13*p - 11. Let b be i(12). Let d be 89/((b - 0)*1). Suppose -4*g = -0*m - m + 14, -4*m + 5*g = -d. List the prime factors of m.
2, 13
Let b = -55 - -58. What are the prime factors of (-1)/((b/9)/(178/(-6)))?
89
Let s = -429 + 1128. What are the prime factors of s?
3, 233
Let q be (-2)/(-9) + (32/18 - -2). Suppose 0*a - 3*a - q*w = -271, -a = -2*w - 107. List the prime factors of a.
97
Suppose 0 = -12*r + 7847 + 24349. List the prime factors of r.
2683
Let s be 1/6 - (-304)/(-96). List the prime factors of (6/(-8))/s - 7282/(-88).
83
Let d(f) = -f + 24. Let g be d(0). Suppose q - 5*q = -2*k + 36, 4 = 4*q. Let i = g + k. What are the prime factors of i?
2, 11
Let g(c) = -c**3 - 7*c**2 + 6*c + 5. Let h be g(-7). Let k = 37 - h. What are the prime factors of k?
2, 37
Let p = 68 - -17. Let l = 157 - p. What are the prime factors of l?
2, 3
Let f be 1*-2*12/(-6). Suppose 3*l - m = -10, f*l + 4*m = -m - 45. Let n(z) = -2*z. List the prime factors of n(l).
2, 5
Let h(x) = -2*x + 5. Let b be h(-4). Let k = b - 19. List the prime factors of -7 - k - (1 - 14).
2, 3
Let b(o) = 331*o**2 + 8*o - 9. List the prime factors of b(3).
2, 3, 499
Let z(g) = 3*g - 4*g**2 - 20 - 4*g**2 + 9*g**2 + 0*g. List the prime factors of z(9).
2, 11
Suppose 0 = 6*x - 5*x - 462. Suppose -11*n - x = -13*n. List the prime factors of n.
3, 7, 11
What are the prime factors of 5/(-3)*(-51906)/205?
2, 211
Suppose s - 19171 - 1060 = -4*y, -5*s - 5 = 0. List the prime factors of y.
2, 3, 281
Let i(q) = -q**2 - 2*q - 5. Let v be i(-6). Let u = v + 25. What are the prime factors of 31/(-3 + (u - -8))?
31
Let u(s) be the second derivative of 0 - 1/6*s**3 - 5*s + s**2 + 7/6*s**4. What are the prime factors of u(2)?
2, 7
Let u(f) = 9 + 2*f + 3*f - 7*f + f. Let q be u(4). Suppose 15 = q*d - y, -5*d = -5*y - 0*y - 15. List the prime factors of d.
3
Let a = -358 + 383. List the prime factors of a.
5
Let m = 174 + -67. Suppose -n - 5*r = 61 - 180, -n - 2*r = -m. List the prime factors of n.
3, 11
Let p(c) = c**2 + 32*c + 542. What are the prime factors of p(-22)?
2, 7, 23
Let q = -717 - -1293. Suppose 3*b + 3*b = q. What are the prime factors of b?
2, 3
Suppose 0 = -3*c - k + 478 - 14, 2*c - 300 = -3*k. Suppose -19*w = -22*w + c. List the prime factors of w.
2, 13
Let x(b) = 6 + b**3 - 5 + 24*b + 0*b**3 + 20 + 12*b**2. List the prime factors of x(-9).
2, 3
Suppose -1961 - 2169 = -7*x. What are the prime factors of x?
2, 5, 59
Suppose 5*n - 1150 = -5*w, w + 454 = 3*w - n. List the prime factors of w.
2, 3, 19
Let g be ((-14)/5)/((-9)/(-2250)). List the prime factors of -2 - 1/(5/g).
2, 3, 23
Suppose 6*v - 4*v = -c + 11, -c = -4*v + 37. Suppose 2*p - 6*p + v = 0. Suppose -p*o + 2*a + 86